2491?
47, 53
What are the prime factors of 48076?
2, 7, 17, 101
What are the prime factors of 18299?
29, 631
List the prime factors of 55265.
5, 7, 1579
List the prime factors of 2158.
2, 13, 83
List the prime factors of 10000.
2, 5
List the prime factors of 51437.
51437
What are the prime factors of 12072?
2, 3, 503
List the prime factors of 51648.
2, 3, 269
What are the prime factors of 12581?
23, 547
What are the prime factors of 193?
193
What are the prime factors of 883?
883
What are the prime factors of 1310?
2, 5, 131
What are the prime factors of 808?
2, 101
What are the prime factors of 5144?
2, 643
List the prime factors of 50015.
5, 7, 1429
What are the prime factors of 15394?
2, 43, 179
List the prime factors of 50.
2, 5
What are the prime factors of 4400?
2, 5, 11
List the prime factors of 1092.
2, 3, 7, 13
What are the prime factors of 7206?
2, 3, 1201
List the prime factors of 648.
2, 3
What are the prime factors of 4357?
4357
List the prime factors of 1590.
2, 3, 5, 53
What are the prime factors of 2291?
29, 79
What are the prime factors of 3646?
2, 1823
List the prime factors of 1789.
1789
List the prime factors of 1839.
3, 613
List the prime factors of 45619.
7, 19
What are the prime factors of 2685?
3, 5, 179
List the prime factors of 1930.
2, 5, 193
List the prime factors of 5715.
3, 5, 127
What are the prime factors of 818?
2, 409
List the prime factors of 2063.
2063
List the prime factors of 15721.
79, 199
List the prime factors of 17640.
2, 3, 5, 7
List the prime factors of 52118.
2, 11, 23, 103
List the prime factors of 1015.
5, 7, 29
List the prime factors of 150490.
2, 5, 101, 149
List the prime factors of 11976.
2, 3, 499
What are the prime factors of 124?
2, 31
List the prime factors of 1853.
17, 109
List the prime factors of 2403.
3, 89
List the prime factors of 16373.
7, 2339
List the prime factors of 1031.
1031
What are the prime factors of 5009?
5009
List the prime factors of 2357.
2357
List the prime factors of 1382.
2, 691
List the prime factors of 1877.
1877
What are the prime factors of 6513?
3, 13, 167
What are the prime factors of 13?
13
What are the prime factors of 4955?
5, 991
What are the prime factors of 66242?
2, 11, 3011
What are the prime factors of 39236?
2, 17, 577
What are the prime factors of 3140?
2, 5, 157
What are the prime factors of 819?
3, 7, 13
List the prime factors of 61822.
2, 30911
What are the prime factors of 21663?
3, 29, 83
List the prime factors of 7864.
2, 983
What are the prime factors of 31745?
5, 7, 907
List the prime factors of 1324.
2, 331
What are the prime factors of 6778?
2, 3389
List the prime factors of 15061.
15061
List the prime factors of 33430.
2, 5, 3343
List the prime factors of 5483.
5483
What are the prime factors of 23398?
2, 11699
List the prime factors of 10327.
23, 449
List the prime factors of 1690.
2, 5, 13
What are the prime factors of 2237?
2237
What are the prime factors of 825?
3, 5, 11
What are the prime factors of 2492?
2, 7, 89
List the prime factors of 55605.
3, 5, 11, 337
List the prime factors of 7911.
3, 293
What are the prime factors of 5728?
2, 179
List the prime factors of 4053.
3, 7, 193
List the prime factors of 4254.
2, 3, 709
List the prime factors of 1279.
1279
What are the prime factors of 1518?
2, 3, 11, 23
List the prime factors of 1227.
3, 409
What are the prime factors of 2818?
2, 1409
What are the prime factors of 1428?
2, 3, 7, 17
What are the prime factors of 2230?
2, 5, 223
List the prime factors of 610.
2, 5, 61
List the prime factors of 113481.
3, 467
What are the prime factors of 32672?
2, 1021
List the prime factors of 47.
47
List the prime factors of 62022.
2, 3, 10337
What are the prime factors of 1732?
2, 433
What are the prime factors of 1036?
2, 7, 37
What are the prime factors of 1428?
2, 3, 7, 17
What are the prime factors of 96772?
2, 13, 1861
What are the prime factors of 766?
2, 383
List the prime factors of 1276.
2, 11, 29
List the prime factors of 1011.
3, 337
What are the prime factors of 651?
3, 7, 31
What are the prime factors of 366?
2, 3, 61
What are the prime factors of 1316?
2, 7, 47
List the prime factors of 1006.
2, 503
What are the prime factors of 95?
5, 19
List the prime factors of 1679.
23, 73
List the prime factors of 157969.
7, 22567
What are the prime factors of 2287?
2287
List the prime factors of 1628.
2, 11, 37
What are the prime factors of 39377?
13, 233
What are the prime factors of 408?
2, 3, 17
List the prime factors of 908.
2, 227
What are the prime factors of 2367?
3, 263
List the prime factors of 76557.
3, 13, 151
List the prime factors of 2230.
2, 5, 223
What are the prime factors of 1366?
2, 683
What are the prime factors of 3017?
7, 431
List the prime factors of 53399.
67, 797
List the prime factors of 98861.
7, 29, 487
List the prime factors of 1001.
7, 11, 13
What are the prime factors of 1032?
2, 3, 43
What are the prime factors of 23424?
2, 3, 61
List the prime factors of 911.
911
What are the prime factors of 3671?
3671
What are the prime factors of 2847?
3, 13, 73
What are the prime factors of 9113?
13, 701
List the prime factors of 20069.
7, 47, 61
List the prime factors of 1480.
2, 5, 37
What are the prime factors of 136195?
5, 27239
List the prime factors of 8529.
3, 2843
List the prime factors of 116513.
37, 47, 67
List the prime factors of 2537.
43, 59
List the prime factors of 1445.
5, 17
What are the prime factors of 579?
3, 193
What are the prime factors of 425?
5, 17
List the prime factors of 7916.
2, 1979
List the prime factors of 26473.
23, 1151
List the prime factors of 59697.
3, 11, 67
What are the prime factors of 1131?
3, 13, 29
List the prime factors of 2903.
2903
List the prime factors of 1261.
13, 97
List the prime factors of 1095.
3, 5, 73
List the prime factors of 19169.
29, 661
What are the prime factors of 652?
2, 163
List the prime factors of 648.
2, 3
List the prime factors of 41.
41
What are the prime factors of 316?
2, 79
What are the prime factors of 2108?
2, 17, 31
List the prime factors of 2944.
2, 23
List the prime factors of 439.
439
What are the prime factors of 37138?
2, 31, 599
List the prime factors of 17596.
2, 53, 83
List the prime factors of 606.
2, 3, 101
What are the prime factors of 4080?
2, 3, 5, 17
What are the prime factors of 73154?
2, 79, 463
List the prime factors of 7864.
2, 983
What are the prime factors of 31181?
31181
List the prime factors of 1327.
1327
List the prime factors of 1266.
2, 3, 211
What are the prime factors of 1133?
11, 103
List the prime factors of 229.
229
What are the prime factors of 16057?
16057
What are the prime factors of 2502?
2, 3, 139
What are the prime factors of 44819?
44819
List the prime factors of 18968.
2, 2371
List the prime factors of 779.
19, 41
List the prime factors of 729.
3
List the prime factors of 415.
5, 83
What are the prime factors of 491?
491
List the prime factors of 40656.
2, 3, 7, 11
What are the prime factors of 4036?
2, 1009
What are the prime factors of 44897?
17, 19, 139
What are the prime factors of 647?
647
What are the prime factors of 65190?
2, 3, 5, 41, 53
What are the prime factors of 2848?
2, 89
What are the prime factors of 9157?
9157
What are the prime factors of 23490?
2, 3, 5, 29
List the prime factors of 1707.
3, 569
List the prime factors of 413.
7, 59
List the prime factors of 29361.
3, 9787
List the prime factors of 21456.
2, 3, 149
What are the prime factors of 1402?
2, 701
List the prime factors of 13922.
2, 6961
List the prime factors of 103.
103
List the prime factors of 2022.
2, 3, 337
What are the prime factors of 5508?
2, 3, 17
List the prime factors of 71026.
2, 17, 2089
What are the prime factors of 1905?
3, 5, 127
List the prime factors of 4104.
2, 3, 19
What are the prime factors of 442?
2, 13, 17
What are the prime factors of 144039?
3, 7, 19
What are the prime factors of 10277?
43, 239
List the prime factors of 2114.
2, 7, 151
What are the prime factors of 51780?
2, 3, 5, 863
List the prime factors of 23146.
2, 71, 163
What are the prime factors of 33835?
5, 67, 101
What are the prime factors of 10805?
5, 2161
What are the prime factors of 3692?
2, 13, 71
What are the prime factors of 27879?
3, 9293
What are the prime factors of 28102?
2, 1405